 + -131?
-3036841
In base 5, what is -2 - -223034211?
223034204
In base 12, what is 9941b666 + -4?
9941b662
In base 16, what is 3976 + 4d7?
3e4d
In base 5, what is -10 + 1234301144?
1234301134
In base 15, what is -c0a - 149a?
-21a5
In base 2, what is 1100101100110010111 + -110000100?
1100101100000010011
In base 13, what is 3 + 1c4765?
1c4768
In base 9, what is 2426 - 2224?
202
In base 6, what is -25 - 13403301?
-13403330
In base 3, what is -210222202122001 - 10?
-210222202122011
In base 7, what is 3135443 - 6?
3135434
In base 11, what is 2 - 30526030?
-30526029
In base 10, what is -369418 + 0?
-369418
In base 13, what is -7b + -1636?
-16b4
In base 2, what is 1000001110111000000011011100 - 101?
1000001110111000000011010111
In base 5, what is -1333334031 + 2?
-1333334024
In base 13, what is 147977a - a?
1479770
In base 11, what is 701010 - 99?
700a22
In base 15, what is 3b67c4 + 1ca?
3b699e
In base 9, what is 5 + -24208703?
-24208687
In base 3, what is -10012010011202 + -110?
-10012010012012
In base 10, what is 0 - 26557244?
-26557244
In base 13, what is -a36 - -1712?
9a9
In base 12, what is 1 - 2880b75b?
-2880b75a
In base 12, what is 2a53304 - -6?
2a5330a
In base 3, what is -10122 + -120202212111?
-120210000010
In base 3, what is -10012111211 + 1011?
-10012110200
In base 9, what is 3 + -36882007?
-36882004
In base 2, what is -10110110011100111 + -11010101010?
-10111001110010001
In base 9, what is 332656 - 1508?
331147
In base 8, what is 41502763 - -2?
41502765
In base 12, what is -705943 + 4?
-70593b
In base 6, what is 3114 + -1251454?
-1244340
In base 11, what is 2 - 117851305?
-117851303
In base 13, what is -20079 + 13?
-20066
In base 12, what is 1 + -a65a49a?
-a65a499
In base 6, what is 1444144425 + 0?
1444144425
In base 15, what is 590648 - 4?
590644
In base 13, what is -7276 + -5008?
-c281
In base 3, what is -122102 - 2010022000?
-2010221102
In base 8, what is 612 + 6062?
6674
In base 10, what is 5195430 + -3?
5195427
In base 4, what is 1011233013323 - -203?
1011233020132
In base 4, what is 103202 - 113030021?
-112320213
In base 5, what is -3 - -222310214014?
222310214011
In base 6, what is 1120330 + -111?
1120215
In base 10, what is -416522 + -114?
-416636
In base 5, what is -120 + 232232012?
232231342
In base 15, what is 1b2eb - -28?
1b324
In base 2, what is -11110010000101 + -10100111?
-11110100101100
In base 2, what is -1 - 1100110001110111110011000001?
-1100110001110111110011000010
In base 6, what is 21 + -210201230?
-210201205
In base 11, what is 34 + -4765a7?
-476573
In base 10, what is -567784530 + -1?
-567784531
In base 14, what is -1 + 871bd4?
871bd3
In base 14, what is -74 - -11652?
115bc
In base 6, what is -4414014 + 1042?
-4412532
In base 13, what is -81 + 10b643?
10b592
In base 7, what is -356 - -6343333?
6342644
In base 15, what is 653 + -d273?
-cb20
In base 9, what is 5 + 24317816?
24317822
In base 7, what is 3005545 - 424?
3005121
In base 15, what is 318340 - 2?
31833d
In base 7, what is 44133020 + -20?
44133000
In base 13, what is 5 - 8247487?
-8247482
In base 14, what is -2b5 - 7162?
-7437
In base 5, what is -32344111 - -14?
-32344042
In base 10, what is 3 + -4871031?
-4871028
In base 5, what is -3011420220 - -3?
-3011420212
In base 14, what is 172b + -895?
c76
In base 16, what is f + 1270f6?
127105
In base 15, what is 183cb + 164?
18540
In base 10, what is 18315312 - 6?
18315306
In base 14, what is -1866 + 10740?
ccb8
In base 14, what is 46218 - b?
4620b
In base 15, what is -32b - 11470?
-1179b
In base 9, what is 256 - -876810?
877166
In base 3, what is -10000120012 + 2222?
-10000110020
In base 11, what is 58907635 + 0?
58907635
In base 13, what is 2 - 98003?
-98001
In base 2, what is 10110 - 11010101110111000001?
-11010101110110101011
In base 13, what is 9c46a945 + -3?
9c46a942
In base 5, what is 202242 - 13441?
133301
In base 4, what is -1101021333220 - -3?
-1101021333211
In base 2, what is 100101000011011 - -1000100?
100101001011111
In base 8, what is -2045156 - 1551?
-2046727
In base 16, what is 0 + 3898e1?
3898e1
In base 9, what is 11842536 + -3?
11842533
In base 9, what is 5010487 + 62?
5010560
In base 4, what is -1133121 + 13011332?
11212211
In base 2, what is 100100000 - -1001001001110100?
1001001110010100
In base 10, what is 82255 - 6?
82249
In base 13, what is -6615b0c - 0?
-6615b0c
In base 3, what is 21001 + -1210211020?
-1210120012
In base 10, what is 339 + 30392?
30731
In base 5, what is 342342303 + 0?
342342303
In base 8, what is 1436 - 320026?
-316370
In base 14, what is 5486 - -173?
5619
In base 10, what is -5967451 - 128?
-5967579
In base 13, what is 153ab62a - 3?
153ab627
In base 5, what is -220123 + -220241?
-440414
In base 16, what is -7 + -2af864?
-2af86b
In base 5, what is -424 - 113330221?
-113331200
In base 12, what is 562b + -374?
5277
In base 2, what is -10000110110111011000 + -100110?
-10000110110111111110
In base 10, what is 47 + 400122?
400169
In base 4, what is 2212201 + -132210?
2013331
In base 11, what is 276205 + 340?
276545
In base 8, what is 20163526 + 1?
20163527
In base 11, what is a + 1a8a846?
1a8a855
In base 2, what is 110001101011000010101 + 1000001?
110001101011001010110
In base 16, what is 3311 + 863?
3b74
In base 12, what is -4 - -54ab601?
54ab5b9
In base 12, what is -8 + 26a909?
26a901
In base 6, what is 125152240254 + -4?
125152240250
In base 9, what is 45470153 - 37?
45470115
In base 14, what is 2b85 + -221?
2964
In base 2, what is -101010 - 1111000000010101?
-1111000000111111
In base 15, what is 5 + 1a9693?
1a9698
In base 16, what is -465 + -943b?
-98a0
In base 8, what is 1143250 + -101?
1143147
In base 11, what is -93a51275 - 4?
-93a51279
In base 7, what is 304 + -5263606?
-5263302
In base 10, what is -3 + 2922606?
2922603
In base 12, what is -1769007 - 4?
-176900b
In base 10, what is -43870159 + -5?
-43870164
In base 14, what is -713 - -2019?
1706
In base 11, what is -4 + 1022164?
1022160
In base 12, what is 410a1 + 3431?
44512
In base 9, what is 5344854 - 14?
5344840
In base 9, what is -5614 - -4234?
-1370
In base 12, what is -3ab8b86 + -6?
-3ab8b90
In base 15, what is 21 - -4d2c8?
4d2e9
In base 6, what is -4 - -121225453?
121225445
In base 14, what is -12a872 - -62?
-12a810
In base 3, what is 1122 - -112100012002220?
112100012011112
In base 6, what is 3 + 402434555?
402435002
In base 3, what is 10100 - -1022110112022?
1022110122122
In base 11, what is -5 + 2182737?
2182732
In base 4, what is -12200 + 3033123103?
3033110303
In base 12, what is -39 + 3790369?
3790330
In base 11, what is 1166 + -375?
8a1
In base 12, what is -1783b - -2b?
-17810
In base 15, what is -25 + -55e57?
-55e7c
In base 13, what is 288 + 3199?
3454
In base 7, what is -123126 + -252?
-123411
In base 6, what is 11 - 4234010312?
-4234010301
In base 2, what is 10011 + 11100001011010001000?
11100001011010011011
In base 11, what is -2 + -59a947?
-59a949
In base 4, what is -203310 + -1120023?
-1323333
In base 3, what is -12 - 100212100022102?
-100212100022121
In base 4, what is 222112023100 + 1?
222112023101
In base 2, what is 11010011011010110000011 + 11101?
11010011011010110100000
In base 8, what is 16 + -1535026?
-1535010
In base 7, what is 4 + 10025063?
10025100
In base 16, what is -27 - -c73db?
c73b4
In base 10, what is 3 - 42786886?
-42786883
In base 10, what is -103555 - 1695?
-105250
In base 6, what is -3225013 - -5?
-3225004
In base 5, what is 14103 + -40440?
-21332
In base 5, what is 22 - 12004214?
-12004142
In base 14, what is d2 - -5658?
574a
In base 11, what is -a06062 - 100?
-a06162
In base 9, what is 61 - -775511?
775572
In base 15, what is 78d45 - -6?
78d4b
In base 15, what is 32 + 14cae?
14ce1
In base 16, what is -1b2 - -14bd9?
14a27
In base 9, what is -262 - 526444?
-526716
In base 2, what is -11111010 - -111111111001110111?
111111110101111101
In base 7, what is -111415214 - -11?
-111415203
In base 12, what is -273 - 11419?
-11690
In base 2, what is 111101100011000110 + 100101?
111101100011101011
In base 9, what is -2374 + -22820?
-25304
In base 16, what is -69384ca + 0?
-69384ca
In base 6, what is 3 + -41243015?
-41243012
In base 2, what is 11101001 - 110011100011111?
-110011000110110
In base 8, what is 5462 + 40561?
46243
In base 6, what is 11013313 + -31?
11013242
In base 4, what i